be ((-4)/(-6))/((-4)/(-24)). Let j be (-10)/(-15)*258/q. Suppose 3*o - 5*v + j = 0, 3*o - 4*v = -o - 44. What is y(o)?
1
Let j(c) = 2*c**3 - 29*c**2 - 14*c - 25. Let p(g) = g**3 - 14*g**2 - 8*g - 12. Let q(k) = -2*j(k) + 5*p(k). Calculate q(13).
3
Let w = -36 - -45. Let j(u) = 12*u - u + 4 - w*u + u + u**2. Calculate j(-5).
14
Suppose -4*x + 4*v + 46 = -18, -52 = -4*x - 2*v. Let a(w) = x*w - 18*w + 3*w - 3. Give a(-3).
0
Let r(x) = -x**2 - 9*x + 2. Let f(d) = -d**3 - 3*d**2 + 8*d + 14. Let v be f(-7). Let k = 149 - v. Determine r(k).
22
Let n(v) = -9*v**2 + 2*v + 1. Suppose -5*u + 22 = -98. Suppose h + 3*h - 3*p = -84, u = -2*h - 3*p. Let w be 6/9*h/12. Calculate n(w).
-10
Suppose 4*y - 3*f = -75, 15 + 39 = -3*y + 3*f. Let k(g) = g**2 - 11*g. Let q be k(7). Let l = q - y. Let o(p) = -p**2 - 4*p + 8. What is o(l)?
-13
Suppose 2*a = 7*a - 30. Let h = 9 - a. Let p(n) be the first derivative of 3*n**2/2 - 2*n + 2. Determine p(h).
7
Let x be (24/(-51))/(42/(-357)). Let j(k) = -k. Give j(x).
-4
Let x be (-7)/28*-3*(-8)/(-3). Let i(d) = -2 + 98*d**2 + 1 + x*d + d**3 - 100*d**2. What is i(1)?
0
Suppose 2*n - 8 = 0, c + 2*c = n - 61. Let f(x) = -x**3 - 18*x**2 + 19*x + 3. Calculate f(c).
3
Let m be ((-1)/10*-5)/(6/48). Let s(d) = d**2 - 2*d + 2. Determine s(m).
10
Let n(u) = -4*u. Suppose 2*f - 4*f - h + 10 = 0, 0 = f - 5*h + 6. Suppose 2*j = -f*j + 6. Calculate n(j).
-4
Suppose 16*b = 68*b + 104. Let g(h) = -5*h - 5. Give g(b).
5
Let c(n) = n**2 - 3*n. Let s(i) = i**2 - 9*i + 5. Let v be s(8). Let b be c(v). Suppose 5*p = 8*p - b. Let j(l) = l - 9. Calculate j(p).
-3
Let q(u) = u**2 - 4*u**2 + 14 - 12 + 5*u**2 - 6 - 2*u. What is q(-2)?
8
Let p(z) = -9*z**3 - 3*z + 2. Let b = 399 - 398. Determine p(b).
-10
Let z(n) = n**2 + 9*n - 3. Let m(p) be the second derivative of -p**4/12 + p**3/6 - 9*p**2/2 + 248*p. Let v = 0 - 0. Let f be m(v). Give z(f).
-3
Let b be 0/4*-1*1. Let g(i) = -6*i**2 - i + 0*i**2 + 1 + b*i**2. Suppose 5*o = 2*o + 3. Determine g(o).
-6
Suppose 16 = 9*p - 74. Suppose -u + 2 = 4*b, p = -b + 4*u + 2. Let i(j) = j - 10. Determine i(b).
-10
Let s(a) be the second derivative of a**3/6 + 7*a**2/2 - 2*a. Let y(q) = -q**2 + 32*q - 60. Let r be y(2). Determine s(r).
7
Let p(i) = -i + 11. Let c = 22 + -17. Let a(j) = j**3 - 4*j**2 - 5*j + 5. Let v be a(c). Let o be p(v). Let m(q) = -q**2 + 7*q + 2. Calculate m(o).
8
Let d(b) be the second derivative of 0 - 9/2*b**2 + 5/3*b**3 - 19*b - 1/12*b**4. Determine d(8).
7
Let n(s) = 4 - 84*s**2 + 167*s**2 + 4*s - 82*s**2 - 10*s. Let y = 2 + 2. Give n(y).
-4
Let h(m) = -7*m**3 - 12*m + 13. Let t(s) = -8*s**3 + s**2 - 14*s + 14. Let o(f) = 7*h(f) - 6*t(f). What is o(-6)?
7
Let z(p) = p**3 - 8*p**2 + 6*p - 1. Suppose -3*h + 8 = -4. Suppose -h*i = -3*i - 7. Determine z(i).
-8
Let g(c) = 7 + 11*c**2 - 12*c**2 + 33*c - 30*c + 0. Determine g(5).
-3
Let u(t) = -t + 8. Let q(z) = 2*z - 25. Let s(k) = 3*q(k) + 8*u(k). Give s(-7).
3
Let x(i) = 4*i**2 - 44*i + 84. Let u(w) = w**2 - 11*w + 20. Let s(c) = -9*u(c) + 2*x(c). Determine s(10).
-2
Let l(o) = -96*o + 1 + 58*o - 3 + 40*o + 5. Calculate l(1).
5
Let w(h) = h**3 - 10*h**2 + 13*h - 12. Suppose -12*b = -11*b - 9. What is w(b)?
24
Let f = -10 + 14. Let q(v) = f - v - 2 + 1 + 2*v. Calculate q(-6).
-3
Let t(f) = -f**2 + 4*f + 3. Let d be (-84 - -96)/(2 - (1 - 1)). Determine t(d).
-9
Let z(i) be the first derivative of -1/2*i**2 - i**3 - 17 - 2*i + 1/4*i**4. Determine z(3).
-5
Suppose -5*g + 11*g = 8*g. Let o(m) = m + 2. What is o(g)?
2
Let x(j) = j**2 - 3*j + 1. Let z = -30 + 46. Let a = z - 14. Give x(a).
-1
Let l(y) = -y - 6. Let i(d) = d**3 - d**2 + 2. Let c be i(0). Let s(t) = 0 + 0 + 2*t + 7*t**2 - 8*t**c. Let h be s(2). What is l(h)?
-6
Let c(o) = -2*o + 8. Let s(y) = -2. Let z(l) = 2*c(l) + 14*s(l). What is z(-2)?
-4
Let y(r) = 2*r - 48. Let g be y(21). Let w(m) = m**2 + 5*m - 1. Determine w(g).
5
Let y(n) = n + 1. Let z(a) = 3 + 7 - 3 + 6*a. Let t(i) = 4*y(i) - z(i). Determine t(-3).
3
Let r(l) = -487*l + 244*l + 245*l. What is r(7)?
14
Let l(h) = -3*h - 1. Suppose 4 = 7*z - 9*z, 6 = -k + z. Give l(k).
23
Suppose 22*v = 75 + 35. Let t(j) = 4*j**2 + 2*j**2 + j - 9*j + 0*j**2 - j**3 + 6. Determine t(v).
-9
Let v(y) = -19 - 6*y + 5 - y**2 + y**3 + 7 + 0*y**2 + 8. Determine v(-3).
-17
Suppose 8*x + 21 = 13. Let l(u) be the third derivative of -u**6/24 + u**4/12 + u**3/6 + 6*u**2. Determine l(x).
4
Let n(f) be the first derivative of -2 + 1/3*f**3 - 7/2*f**2 - 2*f. Determine n(7).
-2
Let r(y) = -2*y**2 + 21*y - 9. Let v = -2098 - -2106. Determine r(v).
31
Let y(x) = -2*x. Suppose -3*p + 1 + 6 = -5*z, -3*z - 17 = -5*p. Suppose 0 = -4*s + p - 0. Suppose s = -5*q - 9. Calculate y(q).
4
Let k = 4 + -5. Let g be 3 + (k + -8 - 0). Let u(m) = 0*m + 0 - 3*m + 2*m - 1. Give u(g).
5
Let z(a) = -39*a**3 - 3*a**2 + 2*a - 7. Let r(w) = 79*w**3 + 7*w**2 - 4*w + 16. Let m(f) = 3*r(f) + 7*z(f). Calculate m(1).
-35
Let z(q) = -q**3 - 2*q**2 - 2*q + 1. Suppose -2*l = 5*c + 15, -9 = -12*c + 15*c - 4*l. Determine z(c).
16
Suppose -6*u = 21 + 39. Let v be 13/5 + u/(-25). Let d(c) = c**3 - 4*c**2 - 2. Calculate d(v).
-11
Let q(i) = 2*i**3 + 2*i + 1. Suppose -4*h - 4*p - 13 = -21, 12 = 4*p. Give q(h).
-3
Suppose 356*w = 354*w + 24. Let z(m) = 2*m**2 - 21*m - 34. What is z(w)?
2
Let p(y) = -y**2 - 3*y**2 + 5 - 3*y**2 + 2*y**3 + 3*y + 0*y**2. What is p(4)?
33
Let s(w) = 3*w + 20. Let b(h) = h + 7. Let c(n) = -17*b(n) + 6*s(n). Let g be 0 + (0 - -1) - -1. Let z(i) = -1. Let f(o) = g*c(o) + 5*z(o). What is f(4)?
5
Let w(u) = 13*u**3 + u**2. Let z be w(1). Let i(a) = -178*a - 171*a - z + 348*a. Calculate i(-10).
-4
Suppose 4*d + 2*u - 52 = 0, 5*d - 56 = 2*u - 0*u. Suppose 2*c + 3*o = d + 2, 3*c + o = 21. Let i(p) = p - 7. Give i(c).
0
Let x be (-6)/9 - (-28)/(-12). Let v(o) = -o**3 - 3*o**2 - o. Let i be v(x). Let d(s) = s - i + s - 7*s. Calculate d(-2).
7
Let z(t) = -5*t**2 + 3*t - 3. Let k = 252 + -250. Give z(k).
-17
Let n(t) = 2*t - 5. Suppose 2*x + 4*p - 28 = -x, 2*p = -3*x + 26. Suppose -x = g - 19. Let j(l) = l**2 - 10*l - 6. Let a be j(g). Give n(a).
5
Let y(f) be the second derivative of -1/12*f**4 + 0 - 5/6*f**3 - 3*f**2 - 11*f. What is y(-4)?
-2
Let a(c) be the third derivative of -c**6/120 - c**5/20 + 7*c**4/24 + c**3/6 - 2*c**2. Determine a(-5).
16
Let m(i) = -4*i**2 + 3 + 2*i + 3*i - 6*i + 3*i**2. Let v be 6/(4/((-4)/(-2))). What is m(v)?
-9
Let o(a) = 2*a - 3. Let d(t) = t + 1. Suppose -4*s = -4*y + 24, -3*y + y + 3*s = -17. Let l(g) = y*o(g) - 3*d(g). Calculate l(-5).
-1
Let s(c) = c**2 - 12*c + 3. Let h be 10*(-20)/75*-3. Calculate s(h).
-29
Let b be 66/(-12) - 1/(-2). Let f(p) = -4*p - 3. Let o(j) = -1. Let u(l) = -f(l) - 3*o(l). Calculate u(b).
-14
Let l(x) = x**3 - 2 - 4*x**2 - 2*x**3 + 119*x - 118*x. Calculate l(-5).
18
Let x = 89 + -49. Suppose -5*k = 5*b - x, -26 = -4*k - b - b. Let z(s) = s**3 - 6*s**2 + 6*s + 3. What is z(k)?
8
Let r = 106 + -103. Let s(g) = -g**3 + 4*g**2 - 3*g + 2. Give s(r).
2
Let s(u) = u**3 - 10*u**2 + 17*u - 11. Let o be (24/(-14))/(15/(-70)). Let l be s(o). Let a(z) = -2*z + 3. Calculate a(l).
9
Let u(x) = -x - 2. Suppose 15*w - 20*w = 0. Determine u(w).
-2
Let a(s) = 2 + 14*s - 6 + 3. Let t(j) = 2*j + 14. Let c be t(0). Suppose -8*v = -22*v + c. Determine a(v).
13
Let k(y) = 2*y - 9. Suppose -28 - 38 = -2*q. Suppose -15 = -8*x + q. What is k(x)?
3
Let d(t) = -2 - t - 17 + 1 + 7. What is d(-8)?
-3
Let i(d) be the second derivative of d**4/12 + 13*d**3/6 - 7*d**2/2 - 608*d. Determine i(-14).
7
Let t = 889 - 887. Let m(o) be the third derivative of -1/12*o**4 + 0 - 1/60*o**5 + 0*o - 1/6*o**3 - o**t. Give m(3).
-16
Let w(q) = 0 - 220*q**2 - 4*q - 1 + 221*q**2. Let i(b) be the first derivative of b**4/4 - 4*b**3/3 + 2*b + 1. Let u be i(4). Give w(u).
-5
Let m(v) = -v**2 - v - 1. Let z(w) = 4*w**2 + w + 1. Let l(h) = 5*m(h) + z(h). What is l(-2)?
0
Let y(p) be the third derivative of -p**6/120 - p**4/24 - 3*p**3/2 - 3*p**2 + 2*p. Calculate y(0).
-9
Let q(t) = -t**2 - 16. Suppose 5*i - 4*i - 4*b - 16 = 0, 4*b + 16 = -5*i. Determine q(i).
-16
Let j(f) = 17*f - 8. Let h(s) = 6*s - 3. Let u(x) = 11*h(x) - 4*j(x). Let o(l) = -13*l + 153. Let n be o(12). Determine u(n).
5
Let z(d) = 6*d**2 - 12*d**2 + 3 + 6*d**2 - 4*d - d**2. Let h = 11 + -7. Supp